 Determine i(z).
-4
Let a(f) = 244*f - 1459. Let q be a(6). Let c(v) be the third derivative of 11/24*v**4 + 0 + 1/120*v**6 + 0*v - 5/6*v**3 + 41*v**2 - 11/60*v**q. Give c(10).
5
Let c(j) = -5*j + 3. Let g be c(2). Let z(u) = 41*u**3 - 7*u**2 + 10*u - 36. Let s(x) = -8*x**3 + 3*x**2 - x + 6. Let f(v) = -5*s(v) - z(v). Determine f(g).
-8
Let s(j) = j**3 + 14*j**2 + 11*j + 82. Let z(u) = u**3 + 19*u**2 + 11*u + 85. Let p(c) = -7*s(c) + 6*z(c). What is p(15)?
-4
Let o(h) = 4*h**3 - 8*h**3 + 11 - 131*h - 4 + 139*h + 8*h**2 + 5*h**3. Suppose -28 = 4*d - 5*c + 2*c, -3*c = -3*d - 21. Give o(d).
0
Let a(m) = -m**3 - 4*m**2 - 2*m. Suppose -10 = 54*c - 59*c. Suppose -11 = -c*x + 1. Let q be 9*(-1 + -1)/x. Determine a(q).
-3
Let z = -647 - -650. Suppose a - 31 + 9 = 5*o, 3*o = 4*a - z. Let d(v) = -v**2 - 3*v - 4. Determine d(a).
-4
Let u = -19769 + 19775. Let p(l) = l**3 - 7*l**2 - 2*l + 18. What is p(u)?
-30
Suppose -9*j + 199 = 10. Let l = -102 + 120. Let z = j - l. Let o(v) = -v**3 + 5*v**2 - 3*v - 2. What is o(z)?
7
Let s(d) = -d**2 - d + 10. Let n(c) = c**3 + 3*c**2 - 6*c - 2. Let o be n(-4). Suppose -12 = -10*v + o*v. Let r be ((-4 + 4)/v)/1. What is s(r)?
10
Let z(s) = -s**2 - 3*s. Let x be z(-4). Let i(o) = -4 + 3897*o**3 - 3898*o**3 - 5*o**2 - 7*o + 4*o. Give i(x).
-8
Suppose 4*t + 160 = 8*t. Suppose 36*g + t = 41*g. Suppose -s = -m - 3, -3*s - 31 = -g*s + m. Let d(l) = -l**3 + 8*l**2 - 6*l - 4. What is d(s)?
3
Let a = 69 + -65. Let v(k) = -2*k**2 - 3*k**2 + a + 4*k**2 + 7*k + k**3 - 6*k**2. Calculate v(6).
10
Let v(l) = -11*l**3 + 31*l**2 + 19*l + 17. Let a(i) = -5*i**3 + 15*i**2 + 10*i + 7. Let m(w) = -13*a(w) + 6*v(w). Determine m(-3).
5
Let z(g) = g**3 - 6*g**2 - 5*g - 3. Let h = 247 - 252. Let n be (6 + 0)*1 - h/5. Calculate z(n).
11
Let i(z) = -5*z**2 - 1. Suppose -4*r - 2 = -5*r. Suppose r*f + 8 = -4*c, -1 = 3*f - 5*f - c. Suppose -f*t = -4*l + 18, 0 = -5*t + 4*t - 5*l + 26. What is i(t)?
-6
Suppose -3*w + 8*s - 16 = 3*s, 2*w = -5*s - 19. Let z(p) = -2*p + 5*p - 30 - 4*p + 19. Let a(f) = -f + 6. Let r(g) = 2*a(g) + 2*z(g). What is r(w)?
18
Let q(v) = 17*v - 1. Let z = 6137 + -6136. Determine q(z).
16
Let m(t) = 96*t**3 - 2*t + 1. Let b = 17212 - 17211. Determine m(b).
95
Let q = -38 - -28. Let v be ((-9)/(-5))/(47/q + 5). Suppose l - a - 2 + 4 = 0, 5*l - 3*a = -v. Let f(i) = -i - 13. Determine f(l).
-13
Let g(z) be the second derivative of -z**4/2 - 3*z**3/2 + 2*z**2 + 4936*z. Calculate g(-4).
-56
Let s(a) = -17*a**2 + 3*a - 20. Let m(h) = -8*h**2 + 3*h - 16. Let n(v) = -4*m(v) + 3*s(v). What is n(1)?
-18
Let w(y) = y**2 + 6*y + 7. Let l be w(-5). Let c(n) be the third derivative of n**6/120 - n**5/60 - n**4/24 - n**3/6 - n**2 - 2*n - 113. Calculate c(l).
1
Let a be (-2 - 6) + 3 + 0. Let s = -36 + 38. Let z(x) = 2*x - 2*x**2 + 6 - 7*x + x**s + x. What is z(a)?
1
Let z(w) be the second derivative of w**4/6 - w**3/2 - 3*w**2/2 - 220*w - 1. Give z(7).
74
Let y(p) be the second derivative of -p**6/180 - p**5/20 + 7*p**4/24 - 7*p**3/3 + p**2 + 7*p + 13. Let x(k) be the second derivative of y(k). Give x(-5).
-13
Let w be 24206/(-49) - (-10)/(0 - 2). Let t = w + 493. Let d(z) = z**2 + 7*z + 11. Determine d(t).
5
Let y(z) be the first derivative of 5*z**2 + 3*z - 412. What is y(-3)?
-27
Let x(r) = r**2 - 9*r - 7. Let l(b) = 5*b**2 + 63*b - 16. Let c be l(-13). Suppose 5*v - 40 = -3*g, v = -g + c + 2. Determine x(g).
3
Let i(d) = -21*d + 10 - d**2 - 11 + 8*d + 10*d. Give i(3).
-19
Let l(g) = 8*g**3 + 5*g**2 + 7*g + 4. Let d be ((-1)/(-2))/((-274)/548). What is l(d)?
-6
Let t(l) = 3*l - 1. Let z = -17 + 25. Suppose -x - 27 = -q - 6*x, q + z = 2*x. Determine t(q).
5
Let l = 4555 - 4555. Let r(d) = 2*d - 48. Calculate r(l).
-48
Let s(p) be the second derivative of -p**5/10 - p**4/6 - p**3/3 - p**2 - 3*p. Let l be (-8)/24 - (-278)/6. Let b = l - 48. Give s(b).
10
Let y(q) = -7. Let l(d) = d - 21. Let a(m) = 3*l(m) - 8*y(m). Let n(i) = i**3 + 6*i**2 - 140*i - 1013. Let x be n(-9). Determine a(x).
5
Let o(w) = 2*w**2 - 6*w + 2. Let f(k) = 6*k + 9. Let z be f(-1). Suppose -z*n = -3*v - 27, 14*n + v - 3 = 12*n. Determine o(n).
10
Suppose -25*m = -20*m + 22*m - 216. Let z(n) = n**3 - 9*n**2 + 6*n - 4. What is z(m)?
-20
Suppose 3*u - 3 = -3*h + 36, -5*h = -4*u - 92. Let z(n) = 7*n**2 + 6*n + 8 - 11*n**3 - h*n**3 + 28*n**3. What is z(-6)?
8
Let i(o) = 17*o + 1054. Let m be i(-62). Let f(t) = 1. Let p(q) = -q - 1. Let l = -2 - -1. Let g(s) = l*p(s) + 2*f(s). Give g(m).
3
Suppose -13 = -4*h + 47. Let o(b) = 13*b - 191. What is o(h)?
4
Let f = 325 - 323. Let p(x) = -5*x - x - 2*x**f - 149 + 155 - 2*x + x**2. What is p(-8)?
6
Let t be (-12)/(-10) + (56/(-70))/4. Let f(y) = 13*y**3 + 10*y - 11. What is f(t)?
12
Let l be (-1)/((9/(-162))/((-7)/42)). Let y(d) = d + 6. What is y(l)?
3
Let y = 33973 + -33975. Let a(b) = -30*b**2 - 2. Calculate a(y).
-122
Let r(n) = 3*n + 25. Let y(j) = -j**3 + 10*j**2 + 11*j - 14. Let o be y(11). Determine r(o).
-17
Let l(y) = -2*y - 80*y**2 + 50*y**2 - y + 0*y + 33*y**2. Let j be (5 + -3)*(2 + -1). Determine l(j).
6
Let h(z) be the second derivative of z**4/12 + z**3/6 - z**2 + 2*z + 290. Determine h(2).
4
Suppose -4*k - 5*h = 39, 72 = -4*k + 2*h - 2. Let q be 16/k + 6*1. Suppose -10 = o - d, 3*d - 48 = q*o - d. Let r(c) = c**3 + 9*c**2 + 9*c + 2. What is r(o)?
-6
Let z(t) = t**2 + 6*t + 4. Let p = 1890 + -1086. Let f = 802 - p. Give z(f).
-4
Let y(p) = -p - 8. Let h = -13 + 15. Let b be 9/6 - (-2 - (-3)/h). Suppose 4*f + 1 = -b*d - 3, -3*f + 22 = -d. Calculate y(d).
2
Let h(a) = -a**3 + 8*a**2 - 7*a - 1. Suppose -23*p + 27*p = -136. Let w = -27 - p. Give h(w).
-1
Suppose -16*f + 112 = -272. Let b(n) = -n + 34. Give b(f).
10
Let m be (18/(-3) + 2)/(-1). Let i(k) = -2 - 36*k**2 - 23*k**2 - k**3 - 3 - 2*k - 30*k**2 + 93*k**2. Give i(m).
-13
Let l(y) = 3*y + 2. Let n(q) be the second derivative of 7*q**3/6 + 5*q**2/2 - q - 730. Let a = -5 + 0. Let v(d) = a*l(d) + 2*n(d). Give v(-5).
5
Let u(d) be the third derivative of d**4/12 - 8*d**3/3 - 2*d**2. Suppose 0 = -4*a + 4*r + 64, 5 = -r - 0. Calculate u(a).
6
Let p(r) be the first derivative of 7*r - 1/20*r**5 + 1/3*r**4 + 3/2*r**2 - 2/3*r**3 + 11. Let x(h) be the first derivative of p(h). Determine x(2).
3
Let q(m) = m**3 - 3*m**2 - 9*m + 6. Let y(k) = -k**3 + 3*k**2 + 7*k - 4. Let z(s) = -s**2 - s + 8. Let w be z(3). Let u(o) = w*q(o) - 5*y(o). Give u(3).
-1
Let h be 104/(-182) + (-212)/(-28) + -5. Let b(k) = 3*k**2 - 5*k + 9. Determine b(h).
11
Let j(d) = 2*d**2 + 2*d - 1. Let n(v) = -13*v**2 - 19*v - 8. Let z(w) = 6*j(w) + n(w). What is z(-6)?
-8
Let z(o) = -3*o - 3. Let j(d) = 25*d + 30. Let f(x) = -5*j(x) - 40*z(x). Give f(-14).
40
Let r(q) = 5*q + 1. Let t = -1 + 0. Let m(u) = u + 7. Let o(s) = 2*s + 16. Let a(h) = -9*m(h) + 4*o(h). Let j(l) = t*r(l) - 6*a(l). Determine j(5).
-2
Let a(w) = -9*w + 30. Suppose 24*l - 20*l = -2*t + 12, 0 = -3*t - 6. Calculate a(l).
-6
Let d(a) = a**2 - 13*a + 19. Let w(r) be the third derivative of r**6/40 + 47*r**5/60 - 3*r**4/4 - 10*r**3/3 - 249*r**2. Let m be w(-16). Determine d(m).
7
Let v(m) = 2*m + 22. Let q = -399 + 399. Determine v(q).
22
Suppose -60*a = 33*a - 1023. Let v(k) = 25*k - 277. Determine v(a).
-2
Let w be (-12)/(-20) + ((-88)/(-20) - 1). Let q(s) be the second derivative of s**5/20 - s**4/4 - s**3/2 + 17*s. What is q(w)?
4
Let x(t) = 30*t - 213. Let s(b) = b**3 + 37*b**2 - 208*b + 91. Let m be s(-42). Calculate x(m).
-3
Let s = -530 + 201. Let z = s + 325. Let p(b) = -2*b + 4. Give p(z).
12
Let h(l) = 3*l + 1. Let d(r) = -5*r - 3. Let n(q) = 4*d(q) + 7*h(q). Let m = -357 - -364. Determine n(m).
2
Let g(p) = -7*p - 60. Suppose 267*y - 76*y + 1337 = 0. Determine g(y).
-11
Let l(z) be the first derivative of -4*z**2 + 22*z - 5907. Determine l(6).
-26
Let t(q) = 15*q + 183 - 311 + 131 + 9*q. Give t(-4).
-93
Let p(a) = a**2 + 40530 - 40533 + 2*a**3 - 4*a + 3*a**3. Give p(-1).
-3
Let f be (0*(-2)/(-12))/2. Suppose f*g - 48 = 12*g. Let u(z) = 0 + 5*z**2 + z**3 + 2 + 0*z**2 + 6*z. Give u(g).
-6
Suppose 3*p + 5*y - 39 - 90 = 0, -43 = -p - y. Let t = p + -25. Let m(o) = t + 5*o - 16 + 0*o. Calculate m(-2).
-8
Let k(s) = -455884*s - 455867*s + 911767*s - 2*s**2 - 42. Give k(6).
-18
Let x(k) = -2*k**3 + 47*k**2 - 25*k + 23. Let r be x(23)